r when 21 is divided by u?
9
Let a be 7*(-5 - 7)*1/7. Let l(i) = -5*i - 52. What is the remainder when 54 is divided by l(a)?
6
Let a(x) = -x - 1. Let c be (-1)/((-15)/(-5) - 2). Let z(u) = -16*u + 5. Let m(r) = c*z(r) - 4*a(r). What is the remainder when m(3) is divided by 20?
19
Let b = 603 + -591. Calculate the remainder when 13653 is divided by b.
9
Let i be -2 - -1 - (2 + 3). What is the remainder when 240 is divided by (-3 - 321/(-9))/(i/(-9))?
44
Let b(s) = s**3 + 4*s**2 - 23*s - 62. Let j be b(-6). Suppose 1770 = j*a + 14. Calculate the remainder when a is divided by 26.
23
Let l(i) = -i**2 - 68*i - 161. Calculate the remainder when l(-37) is divided by 141.
140
Suppose 950 = -5*v - 5*i, -2*v + 3*i - 408 = -8. Let w = -187 - v. Calculate the remainder when 14 is divided by w.
0
Suppose 3*w + 2 = 5*w. Let s(i) = -2*i - 27. Let z be s(-16). Suppose z*q = q + 3*g - 1, 4*q + 2*g - 14 = 0. What is the remainder when q is divided by w?
0
What is the remainder when (-3 + -3 + 22)/(-9 - (-263)/29) is divided by 56?
8
Suppose -48*z - 12*z + 42532 = 38*z. What is the remainder when z is divided by 71?
8
Let u = -13164 - -13171. Calculate the remainder when u is divided by 1.
0
Let q(g) = -g**2 - 23*g + 1. Let z be q(-22). Suppose -246 = -z*d + 214. Suppose -2*m + 231 = m. What is the remainder when m is divided by d?
17
Let k(b) = -2*b**2 + 3*b + 2. Let q(g) be the third derivative of g**6/10 + g**5/20 - g**4/12 - 8*g**2. Calculate the remainder when q(1) is divided by k(0).
1
Suppose 0 = -4*d - 8*d + 60. Suppose -319 = -d*n - 0*u - u, 3*n + 2*u - 190 = 0. Calculate the remainder when n is divided by 5.
4
Suppose 40*i - 8*i - 29*i - 24 = 0. Calculate the remainder when 35 is divided by i.
3
What is the remainder when 364 is divided by (((-10)/(-10))/((-20)/(-784)))/((-12)/(-30))?
70
Let z be -3*1*(-3 - -1). Calculate the remainder when -13 + (-2431)/(-65) - 2/5 is divided by 12/2*9/z.
6
Suppose 41*n - 1659 = -196*n. Calculate the remainder when 402 is divided by n.
3
Suppose 2*w + 8 = 0, 3*w + 1099 = 5*d - 2603. Calculate the remainder when d is divided by 37.
35
Suppose -p - 14 = -18. Suppose 0 = 3*n - 5*m - 1057, -p*m + 3*m - 349 = -n. Suppose 0 = 9*k - k - n. Calculate the remainder when k is divided by 9.
7
Let o = -222 + 36. Calculate the remainder when (-6 - -27)/(3/3) is divided by o/(-26) + 18/(-117).
0
Let b = -335 + 1052. What is the remainder when b is divided by 52?
41
Let g(y) = 3*y**3 + 141*y**2 + 63*y - 26. What is the remainder when g(-46) is divided by 127?
122
Let l(w) = 14*w**2 + 43*w + 41. Suppose 136 = 4*v + 4*c - 8, 3*c = 6. Calculate the remainder when v is divided by l(-1).
10
Let v = -2 + 8. Let z be (155/93)/(1/18). Let c(t) = -t**2 + 29*t + 47. Calculate the remainder when c(z) is divided by v.
5
Suppose 6300 = 11*x + 4*x + 3*x. What is the remainder when 2106 is divided by x?
6
Suppose 3*x = -129*n + 126*n + 3, -10*n = -5*x + 35. What is the remainder when 24 is divided by x?
0
Let o = -55 - -85. Calculate the remainder when 90 is divided by o.
0
What is the remainder when (-6)/((-96)/856)*2 is divided by 93?
14
Suppose 8*d - 5*d = -5*y - 40, 2*d - 43 = 3*y. Let k(c) = c**3 + 13*c**2 + 20*c + 18. What is the remainder when k(y) is divided by 21?
19
Let u = 22 - 44. Let z = 25 + u. Let q(a) = 2*a**3 - 3*a**2 - 3*a. What is the remainder when q(z) is divided by 7?
4
Let t = -3925 - -4314. Calculate the remainder when t is divided by 189.
11
Let h = 4 + 1. Suppose -59 = -h*v - 14. What is the remainder when -10*((-1989)/85 + 20) is divided by v?
7
Suppose -4*o = -46*h + 44*h - 100, -2*h + 30 = o. What is the remainder when 17964 is divided by o?
24
Suppose 2*j - 81 = 5*y, j + 2*j + 5*y - 59 = 0. Let a(p) = p**2 - 11*p - 133. What is the remainder when a(22) is divided by j?
25
Let g(j) = 7*j**3 + 12*j**2 - 4*j - 1. What is the remainder when 662 is divided by g(2)?
92
Suppose 3*h = -f - 7, 5*h + 31 + 10 = 2*f. Suppose -f - 1 = -g. Calculate the remainder when ((-17)/(-2))/(64/128) is divided by g.
8
Let a(m) = 15*m + 1. Suppose 1249*n = 1258*n - 99. What is the remainder when a(2) is divided by n?
9
Let j(r) = -14*r + 215. Let f be j(15). Suppose -5*u = -f, 12*c - 2*u = 16*c - 86. Calculate the remainder when 331 is divided by c.
16
Suppose 5*n + t = -27 + 155, -3*t = n - 20. Suppose -f = 62413 - 62456. What is the remainder when f is divided by n?
17
Let n(b) = b**3 + 2*b**2 - 2*b + 66. Let x be ((-6)/16)/(21/(-28))*0. What is the remainder when 251 is divided by n(x)?
53
Let c(q) = q**3 + 9*q**2 + 0 + 0 - 3*q - 1 - q. Calculate the remainder when (-4)/54 + 506800/1470*(-35)/(-90) is divided by c(-9).
29
Suppose -4*f = -4, 3*y - 19 = -8*f + 4*f. Suppose x + 73 - 15 = y*d, -2*d + 28 = 2*x. What is the remainder when 116 is divided by d?
8
Let x = 5239 + -5130. Calculate the remainder when 340 is divided by x.
13
Suppose 0 = 5*x - n - 44, -4*x = -3*x - n - 12. Let a(o) = -22*o - 2. Let c be a(-2). Suppose 0 = 3*b - 108 + c. What is the remainder when b is divided by x?
6
Let b be ((0 - 2) + 63 + -7)*1. Let z = b - 41. Suppose 5 = z*j - 12*j. Calculate the remainder when 7 is divided by j.
2
Let n(s) = -46*s + 467. What is the remainder when 3211 is divided by n(10)?
5
Calculate the remainder when 1817 is divided by (169 - 242)/(-2 + 1).
65
Let x(s) = -s**3 + 9*s**2 + 20*s - 58. What is the remainder when 352 is divided by x(10)?
16
What is the remainder when 328 is divided by (-447)/(-9) + 154/(-231)?
34
Suppose 2*u = 7*u - 100. Calculate the remainder when (3 + u/(-6))*-138 is divided by 3/1 + (-247)/(-65) - 2/(-10).
4
Let c = 1566 - 785. Let r = c - 522. What is the remainder when r is divided by 29?
27
Suppose -d + 3*q = 13, -4*q + 11 + 3 = -3*d. Suppose -d*j + 31 - 187 = 0. Let f = j - -114. Calculate the remainder when 69 is divided by f.
33
Let k = -78 + 97. What is the remainder when (-1)/(-2) + (-143)/(-22) is divided by (-6)/(-10)*(24 - k)?
1
Suppose -96 = -4*w - 4*y + 20, -5*w = -3*y - 129. Let t = -25 + w. What is the remainder when 1620/50 - ((-6)/5)/t is divided by 6?
3
Let f = 16412 - 16324. Calculate the remainder when 1088 is divided by f.
32
Suppose 0 = -5*l + 4*r + 51, 4*l = -13*r + 12*r + 66. Let a(d) = -41*d + 1. What is the remainder when a(-1) is divided by l?
12
Let k = 11951 + -11655. What is the remainder when 854 is divided by k?
262
Suppose 8*z = -7*z + 17*z - 1794. What is the remainder when z is divided by 60?
57
Let g = -454 - -697. Let a = 257 - g. What is the remainder when 136 is divided by a?
10
Suppose 5*i = 30, -365*i = 5*b - 363*i - 377. Calculate the remainder when 3284 is divided by b.
72
Let k be (26/13)/((-3)/((-450)/4)). Suppose 11*u - k = -4*u. Suppose 4*r - 77 = -3*v, -3*v - u*r + 83 = 7. Calculate the remainder when v is divided by 8.
3
Suppose 0 = -2*f - 2*d + 1998, -4*f - 401*d + 4002 = -403*d. What is the remainder when f is divided by 99?
10
Calculate the remainder when 5036 is divided by (-7)/(-4) + (-3591)/(-252).
12
Suppose -532 = -19*p + 14*p - 33*p. Calculate the remainder when 1111 is divided by p.
5
Let k = 28 + -15. What is the remainder when ((-49)/(-14))/((-1)/(-14)) is divided by -17 + k + 34/2?
10
Let j = 1898 - 1643. What is the remainder when j is divided by 25?
5
Let z(g) = -123*g - 8306. Calculate the remainder when z(-82) is divided by 179.
169
Let q be 2*44/(-6)*(-6)/(-8). Calculate the remainder when 335 is divided by (3 - 0)*(176/q - -23).
20
Suppose -2*c - 28 = 5*w, 3*w + 8*c + 19 = 9*c. Let m = 111 + w. What is the remainder when m is divided by 18?
15
What is the remainder when ((150 - -5)*5)/1 is divided by 255?
10
Let k(q) = q**2 + 14*q - 50. Let y = -43 - -18. What is the remainder when k(y) is divided by 46?
41
Suppose 0 = 11*a - 141 - 156. Calculate the remainder when (-6 - -6)/(-1) - (0 + -215) is divided by a.
26
Let p(u) = 9*u**2 - 4*u - 11. Let g be p(-2). Let c(r) = -51*r - 3. What is the remainder when c(-3) is divided by g*(-9)/(-81)*6?
18
Suppose -5*m - 15*y = -10*y - 270, -m + 4*y + 44 = 0. Calculate the remainder when 428 is divided by m.
12
Let o(a) be the second derivative of a**4/6 + 5*a**3/6 - 12*a**2 + a - 17. Let m(p) = 17*p**2 - p. What is the remainder when o(-7) is divided by m(1)?
7
Let c = 467 - 426. Let w = c + 179. Wha